21/(-9)). Let u(q) = q**2 + 5*q + 2. What is u(d)?
2
Let c(y) = 8*y**2 + 31*y - 14. Let j(r) = -3*r**2 - 11*r + 5. Let o(x) = 4*c(x) + 11*j(x). Give o(3).
-1
Let y(z) = 19*z - 12. Let f(j) = 4*j - 1. Let u(d) = -4*f(d) + y(d). Give u(7).
13
Let u = -145 - -142. Let v(q) = -q**3 - 3*q**2 + 2*q. Calculate v(u).
-6
Suppose -8 = 3*w - w. Let k(t) = -t - 1. Let y = 73 + -69. Let f(s) = -s**2 - 7*s - 1. Let c(b) = y*k(b) - f(b). Give c(w).
1
Let i(z) = z**2 - z. Let u be 0/(-6 - -2) - 5. Let b(x) be the second derivative of -x**4/2 + 4*x**2 + 5*x. Let v(h) = u*i(h) - b(h). Calculate v(-6).
-2
Let f(j) = -j**2 - 17*j - 21. Suppose 0 = -1233*g + 1237*g + 64. What is f(g)?
-5
Let o(f) = 13*f**2 + 9*f + 2. Let a(d) = -15*d**2 - 10*d - 2. Let p(v) = 6*a(v) + 7*o(v). What is p(-4)?
6
Let f(h) = -9*h - 1. Let g(l) = 8*l + 2. Let i(n) = 3*f(n) + 4*g(n). Let p(b) = b + 1. Let c(u) = -i(u) + 4*p(u). Determine c(-4).
3
Let j(c) = 11 + 2*c - c + 2. Let g be j(-8). Let v(r) = r**3 - 4*r**2 - 7*r + 6. Calculate v(g).
-4
Let g(n) = -n**2 + 12*n + 5. Let h be -7 + 15 - 4/(-2). Determine g(h).
25
Let r be (7/(-3))/((15 + -11)/36). Let b(q) = q**3 + 23*q**2 + 40*q - 36. What is b(r)?
6
Let q = 17 + -20. Let p(z) = -z - 3. What is p(q)?
0
Suppose 1643*p - 18 = 1649*p. Let l(j) = -2 - j**2 + 3*j - 4*j - 1 - 2*j. Give l(p).
-3
Let j(l) be the second derivative of -2*l**4/3 - l**3/6 - l**2/2 - 133*l. Suppose 0 = -7*f + 4*f - 3. What is j(f)?
-8
Let g(t) = -1 - 1447*t + 723*t + 719*t. Suppose -2*i + 15 = 3*f, 2*i + 2*f = 16 - 4. Calculate g(i).
-16
Let p(x) = x**2 - 3*x - 6. Let u be (4*8 - 1) + 0. Suppose 3*f - 20 = u. Suppose -3*j + 23 = -2*k - 0*k, 5*j = -2*k + f. What is p(j)?
4
Let n(j) = 2*j**2 + 5*j. Let t = 1805 + -1811. Determine n(t).
42
Suppose -i + 14 = 4*c, 3*c = -4*i - c + 20. Let g be ((-12)/10)/(84/(-420)). Let d(l) = -1 - g*l - 13*l**3 + 12*l**3 - i - 7*l**2. Determine d(-6).
-3
Let d be (-20)/(-8) + (-2)/4. Let v(f) = 3*f**2 - 33*f**3 + 15*f**3 + 19*f**3 + f - 1 - 2*f. What is v(d)?
17
Suppose -28 = -3*s - 4. Let j(k) = 8*k - 11 - 3*k - 3*k. Determine j(s).
5
Let c(r) be the first derivative of -r**4/12 + r**3/6 - r**2/2 - 14*r + 9. Let f(t) be the first derivative of c(t). Let w be 4/6*3/2. What is f(w)?
-1
Let h(l) = l**2 - 4. Suppose -17*j - 90 + 39 = 0. Determine h(j).
5
Let x(f) = -9*f**2 - 2*f - 1. Suppose -3*o - 39 = 2*p, -p + 5*o = 6*o + 18. Suppose -8 = -v + 6. Let s = v + p. Give x(s).
-8
Let y = -9 + 15. Let h(k) = 8 - y*k**2 + 10 + k - 19. What is h(1)?
-6
Let x = -11 - -9. Let z be (-2)/((x - -3)*-2). Let y(t) = 1 + z + 4*t + 0*t. What is y(-2)?
-6
Let w = 102 + -89. Suppose -y - 9 = -2*o, 5*y + 8 = -o - 15. Let t(s) = w - 4 + 7*s - s + s**o. What is t(-6)?
9
Let c be -25 + 17 - (1 + -9). Let l(z) = z**2 - 15. Calculate l(c).
-15
Suppose 0*y - 132 = 3*y. Let n = y - -53. Let w(o) = o - 5. Determine w(n).
4
Let r(u) be the third derivative of 4*u**5/15 + u**4/12 - u**3/3 + 4*u**2 + 28*u. Calculate r(1).
16
Let a(p) = -1480 - 13*p + 2950 - 1494 + p**2. Calculate a(15).
6
Let m(i) = i**2 - 7*i + 17. Let v = -438 - -441. Give m(v).
5
Let j(z) = z**2 - 4*z - 8. Let f = 36 - 28. Calculate j(f).
24
Let z(y) = 22*y + y**2 - 6 - 2*y - 13*y - 2*y**2. What is z(5)?
4
Let y(v) = v**2 - 2*v - 14. Let h be y(-3). Let p(c) = -16*c - 6. Let d(t) = 15*t + 5. Let m(l) = 5*d(l) + 4*p(l). Determine m(h).
12
Let w(k) = -3*k**3 - k**2 - 2*k + 2. Let z = -932 + 934. Determine w(z).
-30
Let h = 953 - 950. Let k(i) = -i**2 + 3*i - 5. Determine k(h).
-5
Let d(j) = -2*j + 2. Let x(n) = -3*n**2 - 28*n + 17. Let y(f) = 3*d(f) - x(f). What is y(-8)?
5
Let n(h) = 1 - 455*h**3 + 456*h**3 + 10*h + 4*h + 11*h**2. Determine n(-10).
-39
Let q(i) = i**3 + 6*i**2 - 3*i + 7. Suppose 0 = -2*m - 4. Let c(g) = 5*g**3 + 24*g**2 - 13*g + 28. Let d(s) = m*c(s) + 9*q(s). Calculate d(6).
1
Let h(j) = -3*j + 19. Let n(s) = 24*s - 150. Let x(q) = 33*h(q) + 4*n(q). What is x(8)?
3
Let r be ((-12)/(-9))/((-12)/(-18)). Let p(q) = 8*q - 6*q + q - q**r. Let l(u) = -u**2 - u + 3. Let b be l(0). Give p(b).
0
Suppose 5*d - 3 = 2*m + 9, -d = 2*m. Let k be (m + 0 + 2)/1. Let t(y) = 0 + 162*y**3 + 1 - 2*y - 168*y**3 + 2*y**2 - y**2. Determine t(k).
-6
Let z(j) = 10*j**3 - 2*j**2 + 3*j - 1. Suppose 0 = 79*m - 59 - 99. Calculate z(m).
77
Let w(m) be the second derivative of -m**5/60 + m**4/24 - m**3/3 + 7*m**2/2 + 2*m. Let j(p) be the first derivative of w(p). Suppose 1 = 4*v - 7. Give j(v).
-4
Let s(h) = h**2 + 38*h - 45. Let l be s(-39). Let x(w) = -w + 5. What is x(l)?
11
Let g(z) = -z**2 + 11*z**2 - 6*z**2 - 5*z**2 + 9*z + 8 + 2*z**2. Determine g(-9).
8
Let t(s) = -s**3 + 2*s**2 - 5*s + 3. Let f(i) = -i**2 - 21*i - 107. Let a be f(-11). What is t(a)?
-21
Let t(j) = j**3 + 8*j**2 + 6*j - 3. Suppose -30*y + 25*y = 20. Let p(n) = -2*n**2 - 10*n - 14. Let d be p(y). What is t(d)?
33
Let w(m) = 13*m + 9. Let v(z) = 6*z + 4. Let r(q) = -9*v(q) + 4*w(q). Let o be (-147)/35 - (-7 - (-34)/5). Give r(o).
8
Let r(t) = -3*t**2 - 42*t + 39. Let p be r(-15). Let c(k) = -k - 3. What is c(p)?
3
Suppose -21 = -69*u + 76*u. Let v(h) = -4*h**2 - 4*h. What is v(u)?
-24
Suppose 3*g = v - 18, -3*v + 5*g + 34 = -0*v. Suppose -v*b - 18 = -15. Let o(t) = 3*t**3 + t**2 + 2*t + 1. Calculate o(b).
-3
Let t(w) = 3 - 6*w**2 + 0*w**3 - 2 + 6*w - 3 + w**3. What is t(5)?
3
Let c(z) = z**3 + 8*z**2 - 8*z. Let v be c(-9). Let l(g) = -g - 10. Give l(v).
-1
Let l(d) be the third derivative of -7/6*d**3 + 0*d - 1/24*d**4 - 34*d**2 + 0. Let s = 2 + -2. What is l(s)?
-7
Let l(y) = -y**3 - y**2 + 1. Let d be l(-1). Let k be d + (-3 + 17)/2. Suppose -k = 3*z - 5*z. Let n(s) = s**2 - 2*s - 4. Determine n(z).
4
Let h be 18/(-4)*(-2)/3. Let m(a) = -1 - 10 + 3*a + 13. What is m(h)?
11
Let j be 3*(2/(-6) + 12/9). Let z(y) = y - 4. Determine z(j).
-1
Suppose -2*i + 3*i = -40*i. Let c(f) be the second derivative of i*f**2 + 0 + f**3 - 6*f + 1/12*f**4. Calculate c(-6).
0
Let q be 6 + (-2)/(-3 - -1 - 0). Let g(k) = -20*k - q + 15*k - 5*k**2 + 12*k**2 - k**3. Give g(5).
18
Suppose 9*r = 5*r + 16. Let n be -4 - (2 + 2)/r. Let t(c) = c + 5. Give t(n).
0
Suppose 0 = 5*w + 2*a + 34, 5*w - 3*a + 29 = 5. Suppose 3*h = 11 - 5. Let g(u) = 2*u + u - 11 - 4*u - h. What is g(w)?
-7
Suppose 2*h = -3*h + 35. Suppose 25 = 5*m - 5*p, 2*m - 4*p - h = 9. Let x(o) = -4*o**m + o + 0*o**2 + 4 - o**3 - 2. What is x(-4)?
-2
Let d(i) be the third derivative of -7*i**5/120 - i**4/24 + 7*i**3/6 - 19*i**2. Let c(f) be the first derivative of d(f). Determine c(3).
-22
Let d(m) = -10*m + 1. Suppose 2*n - 4*n = 10, -40 = -5*r + 4*n. Suppose f - r*f = 24. Let c be (f - -10) + (-1 - 2). Give d(c).
11
Let r(n) be the third derivative of n**6/120 - n**5/15 - n**4/24 + n**3/6 + n**2. Let c = 337 - 333. Give r(c).
-3
Let n(s) be the first derivative of 4*s + s**2 + 1/3*s**3 - 5. Let w be n(-2). Let m(a) = a**3 - 3*a**2 - 4*a + 2. Give m(w).
2
Let i(g) = 2*g + 8. Suppose -214*n + 70 = -221*n. What is i(n)?
-12
Let y(n) be the first derivative of n**7/840 - n**6/90 + n**5/120 + 5*n**4/24 + 7*n**3/3 + 20. Let r(x) be the third derivative of y(x). What is r(4)?
9
Let b be ((-12)/2)/(3/33). Let l be b/(-12) + 2/(-4). Suppose 0 = l*k + 3*g - 11, -k + 3*k - g = 0. Let r(p) = 5*p**3 + p. Calculate r(k).
6
Let k(p) = -p**2 + 19. Let z be k(4). Let v(x) be the second derivative of x**z - 2*x**2 - 1/12*x**4 + 0 - 10*x. Give v(5).
1
Let s(t) = 15*t + 169. Let v be s(-11). Let o(f) = -f**3 + 4*f**2 - 5*f + 5. Calculate o(v).
-15
Suppose 2*u = -2*n - 30, 14 = -u - u + 2*n. Let l(h) = -h - 7. What is l(u)?
4
Let x(o) be the first derivative of o**4/4 + 14*o**3/3 + 8*o**2 + 18*o - 245. Determine x(-13).
-21
Let z(a) = 0 + 203*a + 6 - 207*a - 4. Calculate z(1).
-2
Let x(k) be the first derivative of k**4/24 + 19*k**2/2 + 59. Let v(s) be the second derivative of x(s). Calculate v(-11).
-11
Let n = 1502 + -1513. Let a(r) = 4*r + 39. Give a(n).
-5
Let o(y) = -y**3 - 3*y**2 - 3*y + 4. Let h be ((-16)/(-48))/((-2)/18). Give o(h).
13
Suppose -x = -2 + 11. Let r be (-6)/(-9)*x/(-6). Let n(j) = -r - 2*j + 0*j - 3 - 3. Determine n(-5).
3
Let k(x) = -x**2 - 10*x - 11. Let w(j) = -j**2 + 7*j - 11. Let z be w(-6). Let b = z - -81. Determine k(b).
5
Let k(r) = 13*r**2 + r**2 + 8*r**2 - r**3 - 28 - 10*r**2 + 